{"id":630,"date":"2020-04-05T18:39:58","date_gmt":"2020-04-05T16:39:58","guid":{"rendered":"https:\/\/www.kodomonatto.fr\/?page_id=630"},"modified":"2021-01-02T14:20:35","modified_gmt":"2021-01-02T13:20:35","slug":"les-bienfaits-du-natto","status":"publish","type":"page","link":"https:\/\/www.kodomonatto.fr\/index.php\/home\/les-bienfaits-du-natto\/","title":{"rendered":"Les bienfaits du natto"},"content":{"rendered":"\n<p>Page \u00e0 compl\u00e9ter<\/p>\n\n\n\n<ul class=\"wp-block-list\"><li>probiotique<\/li><li>nattokinase<\/li><li>vitamine K2<\/li><li>prot\u00e9ines v\u00e9g\u00e9tale<\/li><li>fiche di\u00e9t\u00e9tique<\/li><\/ul>\n\n\n\n<p>information r\u00e9glementaire + sources scientifiques<\/p>\n","protected":false},"excerpt":{"rendered":"<p>Page \u00e0 compl\u00e9ter probiotique nattokinase vitamine K2 prot\u00e9ines v\u00e9g\u00e9tale fiche di\u00e9t\u00e9tique information r\u00e9glementaire + sources scientifiques<\/p>\n","protected":false},"author":1,"featured_media":0,"parent":490,"menu_order":15,"comment_status":"closed","ping_status":"closed","template":"","meta":{"footnotes":""},"class_list":["post-630","page","type-page","status-publish","hentry","description-off"],"_links":{"self":[{"href":"https:\/\/www.kodomonatto.fr\/index.php\/wp-json\/wp\/v2\/pages\/630","targetHints":{"allow":["GET"]}}],"collection":[{"href":"https:\/\/www.kodomonatto.fr\/index.php\/wp-json\/wp\/v2\/pages"}],"about":[{"href":"https:\/\/www.kodomonatto.fr\/index.php\/wp-json\/wp\/v2\/types\/page"}],"author":[{"embeddable":true,"href":"https:\/\/www.kodomonatto.fr\/index.php\/wp-json\/wp\/v2\/users\/1"}],"replies":[{"embeddable":true,"href":"https:\/\/www.kodomonatto.fr\/index.php\/wp-json\/wp\/v2\/comments?post=630"}],"version-history":[{"count":2,"href":"https:\/\/www.kodomonatto.fr\/index.php\/wp-json\/wp\/v2\/pages\/630\/revisions"}],"predecessor-version":[{"id":652,"href":"https:\/\/www.kodomonatto.fr\/index.php\/wp-json\/wp\/v2\/pages\/630\/revisions\/652"}],"up":[{"embeddable":true,"href":"https:\/\/www.kodomonatto.fr\/index.php\/wp-json\/wp\/v2\/pages\/490"}],"wp:attachment":[{"href":"https:\/\/www.kodomonatto.fr\/index.php\/wp-json\/wp\/v2\/media?parent=630"}],"curies":[{"name":"wp","href":"https:\/\/api.w.org\/{rel}","templated":true}]}}